- 3. Calculate the remainder when u(4) is divided by d.
11
Let v(r) = -r**3 + 7*r**2 - 7*r + 8. Let a(n) = n**3 + 3*n**2 - 3*n - 4. Let g be ((-1)/2)/(1/6). Calculate the remainder when a(g) is divided by v(6).
1
Suppose 4*m + v = 64, 5*v = 3*m - 32 + 7. Let d = -16 - -38. Suppose -80 = -2*l - d. Calculate the remainder when l is divided by m.
14
Suppose 4*g - 8 = 44. Let r = 10 + 14. Calculate the remainder when r is divided by g.
11
Let l be (-2 + -1 - -1)*-10. Let c be -12 + (-6)/(0 - 2). Let w = l + c. What is the remainder when w is divided by 6?
5
Let r = 40 - 8. Let f = r + -22. Suppose 2*k = l + 60, 5*k + 5*l - 22 = 98. Calculate the remainder when k is divided by f.
8
Let i(y) = -4*y**2 - 8*y - 2. Let w(r) = -r - 1. Let u(c) = -i(c) + 5*w(c). What is the remainder when 37 is divided by u(2)?
18
Suppose 3 = j - 1. Calculate the remainder when 18 is divided by j.
2
Let t(h) = 4*h - 6. Let y(x) = -2*x**2 - 14*x + 4. Calculate the remainder when t(5) is divided by y(-7).
2
Suppose -4 = m, -2*m = 3*r + 15 - 124. Calculate the remainder when r is divided by 11.
6
Let r be ((-4)/6)/((-4)/6). Suppose -14 = -5*x + 31. Calculate the remainder when -2 + 1 - r - -27 is divided by x.
7
Suppose -2*w + 144 = w. Calculate the remainder when w is divided by 7.
6
What is the remainder when 32 is divided by -2 + 1 - (-13 - -1)?
10
Suppose 9*p + 16*p = 1150. Let g = 11 + 13. What is the remainder when p is divided by g?
22
Let m(q) = 2*q - 4. Let z(d) = d**3 + 5*d**2 - 2*d + 5. Suppose -l = 3*a - a - 2, -5*l - 5 = 5*a. Calculate the remainder when z(l) is divided by m(7).
9
Let m be (-5)/(10/12) + 1. Let s = m - -24. Calculate the remainder when s is divided by 7.
5
Let n(g) = 12*g - 2. Let x(i) = i**2 + i + 12. What is the remainder when n(3) is divided by x(0)?
10
Calculate the remainder when 63 is divided by 1/(-3) + ((-256)/(-12) - -3).
15
Let d(a) = 26*a**2 + a + 1. Calculate the remainder when d(-1) is divided by 4.
2
Let t be (-68)/(-10) + 3/15. Let q = t - 3. Suppose q*n = 10 + 2. What is the remainder when 8 is divided by n?
2
Let b be 5 - 6*3/6. Let w be (-2)/1 - (-4)/b. Let g(j) = -j + 9. What is the remainder when g(w) is divided by 4?
1
Let g(x) = -16*x. Let d(c) = 4 - 2*c - 1 - 5*c + 0. What is the remainder when d(-4) is divided by g(-1)?
15
What is the remainder when (460/(-50))/((6/10)/(-3)) is divided by 12?
10
Calculate the remainder when (-1)/1 - (-2 + 0) is divided by (-5 + 7)*3/6.
0
Suppose -m - 5 = 3*f + 9, 3*f + 26 = 2*m. What is the remainder when (54/4 + -2)*2 is divided by (f/8)/((-6)/96)?
11
Suppose -15*g = -14*g - 14. Calculate the remainder when g is divided by 5.
4
Let j be 4/(-2) + 5 - -1. Suppose 0 = j*s + s - 105. Calculate the remainder when 81 is divided by s.
18
Let w(c) = -c**3 - 5*c**2 + 5*c + 2. Let i be w(-6). Suppose 4 = 4*v - i. Calculate the remainder when 9 is divided by v.
0
Let r = 1 + 2. Suppose -l = 4*l + 5, r*n - 11 = -l. Suppose -49 = -n*p - 9. What is the remainder when 28 is divided by p?
8
Let l = 16 - 14. Suppose -b - l*p + 24 = -p, 0 = -2*b - 5*p + 57. What is the remainder when 60 is divided by b?
18
Suppose 0 = -l + 3*l - 8, -k + 3*l - 1 = 0. What is the remainder when 43 is divided by k?
10
Let b(i) = -i**3 - 18*i**2 - 19*i - 17. Let n be b(-17). Suppose 5*v - n = 8. What is the remainder when 18 is divided by v?
3
Let o(n) = n**2 + 8*n - 6. Let w be o(-9). Suppose -x - w*x = 2*r - 84, 3*x - 5*r - 63 = 0. Calculate the remainder when x is divided by 11.
10
Let n(b) = -b**3 + 9*b**2 - 5*b - 7. What is the remainder when n(5) is divided by 18?
14
Let d(p) = p + 30. What is the remainder when 78 is divided by d(-10)?
18
Let v(m) be the first derivative of -6*m + 3 - 11/3*m**3 - 1/4*m**4 - 1/2*m**2. Calculate the remainder when 17 is divided by v(-11).
2
Let o = 125 - 67. Calculate the remainder when o is divided by 15.
13
Suppose 2 - 14 = -4*d. What is the remainder when d*(-1)/(-6)*142 is divided by 18?
17
Suppose 2*y - 9 = -y. Calculate the remainder when 34 is divided by 26/y + (-1)/(-3).
7
Suppose -14*m = -10*m - 48. What is the remainder when 58 is divided by m?
10
Let u(m) = -23*m + 2. Calculate the remainder when u(-1) is divided by 4.
1
Suppose 2*z = 4*z - 62. What is the remainder when 120 is divided by z?
27
Let z(a) = 19*a - 6. Calculate the remainder when z(5) is divided by 23.
20
Let k = 51 - 30. Let x(o) = o**2 - 3*o + 1. Let r be x(6). Suppose -5*f + 5*w + 50 = 0, 3 - r = -4*f - 2*w. What is the remainder when k is divided by f?
3
Suppose -4*b + 894 - 270 = 0. Calculate the remainder when b is divided by 53.
50
Suppose 9*v - 10*v = -10. Let x(r) = r**3 - 5*r**2 + 3*r + 4. What is the remainder when x(5) is divided by v?
9
Let p be 4*(2 + 0/2). Suppose l - 4 = -2*y, -2*y - 3*y - p = -2*l. Suppose 5*q - 2*q - 21 = y. Calculate the remainder when 18 is divided by q.
4
Let k = 11 - 6. Calculate the remainder when 17 is divided by k.
2
Suppose 0*m + 12 = 3*m. Suppose 0 = m*f - 3*f - 33. Calculate the remainder when f is divided by 12.
9
Suppose b = -4*r + 18, r - 4*b - 12 = -4*r. Suppose 5*s = 5*d - 20, -r*d - 8*s + 5*s = -9. Calculate the remainder when (-2)/(-3)*9 + -2 is divided by d.
1
Suppose -21 = -0*v - 3*v + 3*u, v = -4*u + 32. Let p be (3/(-9))/(1/3). Let f(j) = -36*j**3 - j**2 - j - 1. What is the remainder when f(p) is divided by v?
11
Let y = -47 + 86. Suppose o - 2*q + 10 = 2*q, -5*q - 25 = -5*o. Calculate the remainder when y is divided by 0 + o - (2 - 2).
9
Suppose -3*s = -2*y - 44, 4*y = 2*s - y - 33. Calculate the remainder when 69 is divided by s.
13
Let m = 82 + -73. Calculate the remainder when (-2)/(-8) - 297/(-12) is divided by m.
7
Suppose -3*r + 64 = -2*g, -4*g - 94 = -4*r - 14. Suppose h - n - 16 = -2*n, 0 = -3*h + 5*n + 8. What is the remainder when r*2*2/3 is divided by h?
10
Let b = 40 + -46. Let j(h) = -2*h + 0*h + 0 - 4. What is the remainder when 15 is divided by j(b)?
7
Let k = 17 + -16. Let j = k - -1. Calculate the remainder when 3 is divided by j.
1
Let j = 27 - 15. Let q(c) = -c**3 + 8*c**2 - 6*c. Let d be q(7). Let v = j - d. Calculate the remainder when 9 is divided by v.
4
Let v(a) = -a**2 - a + 2. Suppose -2*d - d = 0. Let g be v(d). Suppose -2*k - g*k + 64 = 0. What is the remainder when k is divided by 9?
7
Suppose 0 = 7*s - 11*s + 16. Suppose 3*g - 45 - 3 = -s*c, -g - 64 = -4*c. What is the remainder when 28 is divided by c?
13
Suppose 3*d + 14 = 35. Let c(j) = j**2 + 6*j + 1. Let r be c(-6). What is the remainder when r + (1 - -1 - -17) is divided by d?
6
Suppose r - 32 - 8 = -2*y, 0 = -r + 4*y + 16. Suppose 0 = 3*g + 2 - r. Let x(w) = 22*w + 224. What is the remainder when g is divided by x(-10)?
2
Let r(b) = -1 - 9*b + 10*b + 3 + 0. What is the remainder when 23 is divided by r(4)?
5
Let y(r) = r**3 + 5*r**2 - r + 3. Let h be y(-5). Suppose h = -a + 3*a. What is the remainder when 11 is divided by a?
3
Let k = -49 + 76. What is the remainder when 106 is divided by k?
25
Suppose -5*r + 8*r - 108 = 0. What is the remainder when 68 is divided by r?
32
Let h(t) = 4*t**2 - t + 2. Let m(r) = r**2 + r. Let c be m(-2). Let s = 25 - -21. What is the remainder when s is divided by h(c)?
14
Calculate the remainder when 1*(-12)/78 + (-379)/(-13) is divided by 10.
9
Suppose -f = 4*f - 40. Suppose -3*p - p = -f. Suppose 3*y - 259 = -5*i, 0 = -i + p*y + 6 + 38. What is the remainder when i is divided by 17?
16
Let j = -31 - -84. Calculate the remainder when j is divided by 14.
11
What is the remainder when (-115)/(-4) - (-5)/20 is divided by -2 + 5 - 5 - -18?
13
Let p = 113 + -63. Suppose 5*k - 2*y = 79, 0 = -0*y - 5*y + 15. Calculate the remainder when p is divided by k.
16
Let u(o) = o**3 + 8*o**2 + 4*o - 9. Calculate the remainder when u(-5) is divided by 12.
10
What is the remainder when 143 is divided by (4/5*-1)/((-9)/405)?
35
Let w = 93 + -53. Let y = 11 - 7. What is the remainder when w is divided by (-780)/(-55) - y/22?
12
Let h(s) be the second derivative of -s**3/2 + s**2/2 - s. What is the remainder when h(-4) is divided by 5?
3
What is the remainder when (-1 - 2)/(1/(-19)) is divided by 17?
6
Suppose -2*y = -2*d - 25 - 5, -4*y = d. Let b = d + 27. Calculate the remainder when b is divided by 9.
6
Suppose -2*g + 61 + 17 = 0. What is the remai